{"id":65,"date":"2012-04-12T06:10:53","date_gmt":"2012-04-12T11:10:53","guid":{"rendered":"http:\/\/www.teccial.com\/teccial\/?page_id=65"},"modified":"2012-04-14T16:35:12","modified_gmt":"2012-04-14T21:35:12","slug":"implementacion-de-enlace-de-datos","status":"publish","type":"page","link":"http:\/\/teccial.com\/teccial\/?page_id=65","title":{"rendered":"Implementaci\u00f3n de Enlace de Datos"},"content":{"rendered":"<div class=\"textoarticulo\">\n<p><strong><a href=\"http:\/\/www.teccial.com\/teccial\/wp-content\/uploads\/2012\/04\/enlace.jpg\"><img loading=\"lazy\" class=\"alignleft size-full wp-image-303\" title=\"enlace\" src=\"http:\/\/www.teccial.com\/teccial\/wp-content\/uploads\/2012\/04\/enlace.jpg\" alt=\"\" width=\"157\" height=\"198\" srcset=\"http:\/\/teccial.com\/wp-content\/uploads\/2012\/04\/enlace.jpg 157w, http:\/\/teccial.com\/wp-content\/uploads\/2012\/04\/enlace-150x189.jpg 150w\" sizes=\"(max-width: 157px) 100vw, 157px\" \/><\/a>Nuestro servicio de Impletaci\u00f3n de Enlace de Datos <\/strong>es el principal medio de comunicaci\u00f3n utilizado por  nuestro portafolio de productos y servicios.<\/p>\n<p>TECCIAL\u00a0 provee a nuestros clientes enlaces de datos y acceso a Internet  necesarios para la implementaci\u00f3n de los servicios de comunicaci\u00f3n que nos contrate.<\/p>\n<p>&nbsp;<\/p>\n<p>TECCIAL brinda servicios tras la evaluaci\u00f3n de la tecnolog\u00edas y la  capacidades que sean m\u00e1s adecuadas a cada caso, y brinda el servicio con  monitoreo permanente y soporte t\u00e9cnico especializado.<\/p>\n<p>&nbsp;<\/p>\n<p>&#8211; Encriptaci\u00f3n y tunnelig de la informaci\u00f3n<br \/>\n&#8211; Escalabilidad a mayor cantidad a mayor cantidad de sitios del cliente<br \/>\n&#8211; Capacidad de integraci\u00f3n a cualquier equipo.<br \/>\n&#8211; F\u00e1cil evoluci\u00f3n hacia los servicios y aplicaciones IP futuras como redes con calidad de servicios incorporadas,<br \/>\n&#8211; Red fiable y segura<br \/>\n&#8211; F\u00e1cil implementaci\u00f3n del ser vicio.<br \/>\n&#8211; Consolida sus aplicaciones de forma econ\u00f3mica en una red privada y segura.<br \/>\n&#8211; Capacidad ilimitada de la red.<br \/>\n&#8211; Disponibilidad de velocidades que se ajustan a sus necesidades de volumen de transmisi\u00f3n de datos.<\/p>\n<\/div>\n","protected":false},"excerpt":{"rendered":"<p>Nuestro servicio de Impletaci\u00f3n de Enlace de Datos es el principal medio de comunicaci\u00f3n utilizado por nuestro portafolio de productos y servicios. TECCIAL\u00a0 provee a [&hellip;]<\/p>\n","protected":false},"author":1,"featured_media":0,"parent":31,"menu_order":1,"comment_status":"open","ping_status":"open","template":"","meta":[],"_links":{"self":[{"href":"http:\/\/teccial.com\/teccial\/index.php?rest_route=\/wp\/v2\/pages\/65"}],"collection":[{"href":"http:\/\/teccial.com\/teccial\/index.php?rest_route=\/wp\/v2\/pages"}],"about":[{"href":"http:\/\/teccial.com\/teccial\/index.php?rest_route=\/wp\/v2\/types\/page"}],"author":[{"embeddable":true,"href":"http:\/\/teccial.com\/teccial\/index.php?rest_route=\/wp\/v2\/users\/1"}],"replies":[{"embeddable":true,"href":"http:\/\/teccial.com\/teccial\/index.php?rest_route=%2Fwp%2Fv2%2Fcomments&post=65"}],"version-history":[{"count":6,"href":"http:\/\/teccial.com\/teccial\/index.php?rest_route=\/wp\/v2\/pages\/65\/revisions"}],"predecessor-version":[{"id":306,"href":"http:\/\/teccial.com\/teccial\/index.php?rest_route=\/wp\/v2\/pages\/65\/revisions\/306"}],"up":[{"embeddable":true,"href":"http:\/\/teccial.com\/teccial\/index.php?rest_route=\/wp\/v2\/pages\/31"}],"wp:attachment":[{"href":"http:\/\/teccial.com\/teccial\/index.php?rest_route=%2Fwp%2Fv2%2Fmedia&parent=65"}],"curies":[{"name":"wp","href":"https:\/\/api.w.org\/{rel}","templated":true}]}}