{"id":618,"date":"2012-05-21T10:34:31","date_gmt":"2012-05-21T15:34:31","guid":{"rendered":"http:\/\/www.teccial.com\/teccial\/?page_id=618"},"modified":"2012-05-21T11:07:45","modified_gmt":"2012-05-21T16:07:45","slug":"servicios-2","status":"publish","type":"page","link":"http:\/\/teccial.com\/teccial\/?page_id=618","title":{"rendered":"Servicios"},"content":{"rendered":"<div class=\"container\">\n<div class=\"span-14 last\">\n<div class=\"span-7\">\n<div class=\"span-7 last men_solu padincreo\">\n                <a href=\"http:\/\/www.teccial.com\/teccial\/?page_id=200\"><img src=\"http:\/\/www.teccial.com\/teccial\/wp-content\/themes\/starttica\/images\/submenus\/m01.png\" alt=\"\" \/>Monitoreo Veh\u00edcular<\/a>\n            <\/div>\n<div class=\"span-7 last men_solu padincreo\">\n                <a href=\"http:\/\/www.teccial.com\/teccial\/?page_id=214\"><img src=\"http:\/\/www.teccial.com\/teccial\/wp-content\/themes\/starttica\/images\/submenus\/m01.png\" alt=\"\" \/>Recuperaci\u00f3n Veh\u00edcular<\/a>\n            <\/div>\n<div class=\"span-7 last men_solu padincreo\">\n                <a href=\"http:\/\/www.teccial.com\/teccial\/?page_id=74\"><img src=\"http:\/\/www.teccial.com\/teccial\/wp-content\/themes\/starttica\/images\/submenus\/m08.png\" alt=\"\" \/>Operaci\u00f3n y Monitoreo de Red<\/a>\n            <\/div>\n<div class=\"span-7 last men_solu padincreo\">\n                <a href=\"http:\/\/www.teccial.com\/teccial\/?page_id=61\"><img src=\"http:\/\/www.teccial.com\/teccial\/wp-content\/themes\/starttica\/images\/submenus\/m08.png\" alt=\"\" \/>Desarrollo de Software Telem\u00e1tico<\/a>\n            <\/div>\n<div class=\"span-7 last men_solu padincreo\">\n                <a href=\"http:\/\/www.teccial.com\/teccial\/?page_id=78\"><img src=\"http:\/\/www.teccial.com\/teccial\/wp-content\/themes\/starttica\/images\/submenus\/m07.png\" alt=\"\" \/>Servicio de Telemetr\u00eda y GPS<\/a>\n            <\/div>\n<div class=\"span-7 last men_solu padincreo\">\n                <a href=\"http:\/\/www.teccial.com\/teccial\/?page_id=72\"><img src=\"http:\/\/www.teccial.com\/teccial\/wp-content\/themes\/starttica\/images\/submenus\/m03.png\" alt=\"\" \/>Servicio de DataCenter<\/a>\n            <\/div>\n<div class=\"span-7 last men_solu padincreo\">\n                <a href=\"http:\/\/www.teccial.com\/teccial\/?page_id=82\"><img src=\"http:\/\/www.teccial.com\/teccial\/wp-content\/themes\/starttica\/images\/submenus\/m05.png\" alt=\"\" \/>Servicios en Nube (Cloud)<\/a>\n            <\/div>\n<\/p><\/div>\n<div class=\"span-7 last\">\n<div class=\"span-7 last men_solu padincreo\">\n                <a href=\"http:\/\/www.teccial.com\/teccial\/?page_id=278\"><img src=\"http:\/\/www.teccial.com\/teccial\/wp-content\/themes\/starttica\/images\/submenus\/m02.png\" alt=\"\" \/>Consultor\u00eda<\/a>\n            <\/div>\n<div class=\"span-7 last men_solu padincreo\">\n                <a href=\"http:\/\/www.teccial.com\/teccial\/?page_id=63\"><img src=\"http:\/\/www.teccial.com\/teccial\/wp-content\/themes\/starttica\/images\/submenus\/m03.png\" alt=\"\" \/>Implementaci\u00f3n de Automatismo<\/a>\n            <\/div>\n<div class=\"span-7 last men_solu padincreo\">\n                <a href=\"http:\/\/www.teccial.com\/teccial\/?page_id=70\"><img src=\"http:\/\/www.teccial.com\/teccial\/wp-content\/themes\/starttica\/images\/submenus\/m04.png\" alt=\"\" \/>Integraci\u00f3n de Sistemas<\/a>\n            <\/div>\n<div class=\"span-7 last men_solu padincreo\">\n                <a href=\"http:\/\/www.teccial.com\/teccial\/?page_id=65\"><img src=\"http:\/\/www.teccial.com\/teccial\/wp-content\/themes\/starttica\/images\/submenus\/m08.png\" alt=\"\" \/>Implementaci\u00f3n de Enlace Datos<\/a>\n            <\/div>\n<div class=\"span-7 last men_solu padincreo\">\n                <a href=\"http:\/\/www.teccial.com\/teccial\/?page_id=68\"><img src=\"http:\/\/www.teccial.com\/teccial\/wp-content\/themes\/starttica\/images\/submenus\/m07.png\" alt=\"\" \/>Implementaci\u00f3n de Sistemas Solares<\/a>\n            <\/div>\n<div class=\"span-7 last men_solu padincreo\">\n                <a href=\"http:\/\/www.teccial.com\/teccial\/?page_id=45\"><img src=\"http:\/\/www.teccial.com\/teccial\/wp-content\/themes\/starttica\/images\/submenus\/m02.png\" alt=\"\" \/>Integraci\u00f3n Electr\u00f3nica<\/a>\n            <\/div>\n<\/p><\/div>\n<\/p><\/div>\n<div class=\"span-14 last prepend-top\">\n<div class=\"span-7\">\n<div class=\"span-7 last men_solu padincreo\">\n                <a href=\"http:\/\/www.teccial.com\/teccial\/?page_id=76\"><img src=\"http:\/\/www.teccial.com\/teccial\/wp-content\/themes\/starttica\/images\/submenus\/m01.png\" alt=\"\" \/>Video Monitoreo veh\u00edcular<\/a>\n            <\/div>\n<div class=\"span-7 last men_solu padincreo\">\n                <a href=\"http:\/\/www.teccial.com\/teccial\/?page_id=221\"><img src=\"http:\/\/www.teccial.com\/teccial\/wp-content\/themes\/starttica\/images\/submenus\/m01.png\" alt=\"\" \/>Video Monitoreo Residencial<\/a>\n            <\/div>\n<div class=\"span-7 last men_solu padincreo\">\n                <a href=\"http:\/\/www.teccial.com\/teccial\/?page_id=76\"><img src=\"http:\/\/www.teccial.com\/teccial\/wp-content\/themes\/starttica\/images\/submenus\/m01.png\" alt=\"\" \/>Video Streaming<\/a>\n            <\/div>\n<div class=\"span-7 last men_solu padincreo\">\n                <a href=\"http:\/\/www.teccial.com\/teccial\/?page_id=80\"><img src=\"http:\/\/www.teccial.com\/teccial\/wp-content\/themes\/starttica\/images\/submenus\/m02.png\" alt=\"\" \/>VideoConferencia<\/a>\n            <\/div>\n<div class=\"span-7 last men_solu padincreo\">\n                <a href=\"http:\/\/www.teccial.com\/teccial\/?page_id=80\"><img src=\"http:\/\/www.teccial.com\/teccial\/wp-content\/themes\/starttica\/images\/submenus\/m02.png\" alt=\"\" \/>TeleEducaci\u00f3n<\/a>\n            <\/div>\n<\/p><\/div>\n<\/p><\/div>\n<\/div>\n","protected":false},"excerpt":{"rendered":"<p>Monitoreo Veh\u00edcular Recuperaci\u00f3n Veh\u00edcular Operaci\u00f3n y Monitoreo de Red Desarrollo de Software Telem\u00e1tico Servicio de Telemetr\u00eda y GPS Servicio de DataCenter Servicios en Nube (Cloud) [&hellip;]<\/p>\n","protected":false},"author":1,"featured_media":0,"parent":0,"menu_order":0,"comment_status":"open","ping_status":"open","template":"","meta":[],"_links":{"self":[{"href":"http:\/\/teccial.com\/teccial\/index.php?rest_route=\/wp\/v2\/pages\/618"}],"collection":[{"href":"http:\/\/teccial.com\/teccial\/index.php?rest_route=\/wp\/v2\/pages"}],"about":[{"href":"http:\/\/teccial.com\/teccial\/index.php?rest_route=\/wp\/v2\/types\/page"}],"author":[{"embeddable":true,"href":"http:\/\/teccial.com\/teccial\/index.php?rest_route=\/wp\/v2\/users\/1"}],"replies":[{"embeddable":true,"href":"http:\/\/teccial.com\/teccial\/index.php?rest_route=%2Fwp%2Fv2%2Fcomments&post=618"}],"version-history":[{"count":5,"href":"http:\/\/teccial.com\/teccial\/index.php?rest_route=\/wp\/v2\/pages\/618\/revisions"}],"predecessor-version":[{"id":625,"href":"http:\/\/teccial.com\/teccial\/index.php?rest_route=\/wp\/v2\/pages\/618\/revisions\/625"}],"wp:attachment":[{"href":"http:\/\/teccial.com\/teccial\/index.php?rest_route=%2Fwp%2Fv2%2Fmedia&parent=618"}],"curies":[{"name":"wp","href":"https:\/\/api.w.org\/{rel}","templated":true}]}}