{"id":557,"date":"2012-04-25T12:50:52","date_gmt":"2012-04-25T17:50:52","guid":{"rendered":"http:\/\/www.teccial.com\/teccial\/?page_id=557"},"modified":"2012-04-25T14:38:09","modified_gmt":"2012-04-25T19:38:09","slug":"sistema-gis-esri","status":"publish","type":"page","link":"http:\/\/teccial.com\/teccial\/?page_id=557","title":{"rendered":"Sistemas GIS (geographic information system), ESRI"},"content":{"rendered":"<p><img loading=\"lazy\" class=\"alignleft size-full wp-image-572\" src=\"http:\/\/www.teccial.com\/teccial\/wp-content\/uploads\/2012\/04\/Esri41.png\" alt=\"\" width=\"245\" height=\"157\" srcset=\"http:\/\/teccial.com\/wp-content\/uploads\/2012\/04\/Esri41.png 567w, http:\/\/teccial.com\/wp-content\/uploads\/2012\/04\/Esri41-300x192.png 300w, http:\/\/teccial.com\/wp-content\/uploads\/2012\/04\/Esri41-150x96.png 150w\" sizes=\"(max-width: 245px) 100vw, 245px\" \/>Nuestras soluciones GIS desarrolladas en Esri   ofrecen un conjunto completo de herramientas, componente y  software que le   permiten centrarse en la productividad, distribuci\u00f3n y funcionalidad para sus aplicaciones empresariales; Soluciones que  funcionan como un complemento integral en casi todo tipo de  organizaci\u00f3n.<\/p>\n<p><strong>TECCIAL cuenta con los siguientes  productos encaminados a resolver las necesidades de nuestros clientes. <\/strong><\/p>\n<p>\u2022 Portales para\u00a0 Procesos Industriales y Comerciales<br \/>\n\u2022 Aplicaciones M\u00f3viles GIS<br \/>\n\u2022 An\u00e1lisis y Dise\u00f1o de Aplicaciones GIS<br \/>\n\u2022 Creaci\u00f3n y Mantenimiento de Bases de Datos<br \/>\n\u2022 Integraci\u00f3n de Aplicaciones ERP, SCADA, BPM, BI<br \/>\n\u2022 Implementaci\u00f3n y Operaci\u00f3n de Aplicaciones GIS<br \/>\n\u2022 Desarrollo de Soluciones Locales, Regionales y Nacionales<\/p>\n<p>Ofrecemos  soluciones basadas en Sistemas de Informaci\u00f3n Geogr\u00e1fica (SIG), para  los sectores de Gobierno, Seguridad P\u00fablica, Servicios de Salud,  Recursos Naturales, Utilities, Comunicaciones,\u00a0contamos con experiencia aplicada en:<\/p>\n<p>\u2022 Gesti\u00f3n Petr\u00f3lera \/ gas<br \/>\n\u2022 Gesti\u00f3n Industrial<br \/>\n\u2022 Gesti\u00f3n Ambiental<br \/>\n\u2022 Gesti\u00f3n Agricultura<br \/>\n\u2022 Gesti\u00f3n Defensa<br \/>\n\u2022 Gesti\u00f3n Mercadotecnia<br \/>\n\u2022 Gesti\u00f3n Agua Potable<br \/>\n\u2022 Gesti\u00f3n Telecomunicaciones<br \/>\n\u2022 Gesti\u00f3n Catastro Rural y Urbano<br \/>\n\u2022 Gobierno Estatal y Municipal<br \/>\n\u2022 Protecci\u00f3n Civil<br \/>\n\u2022 Movilidad<\/p>\n<p><img loading=\"lazy\" class=\"alignleft size-full wp-image-565\" src=\"http:\/\/www.teccial.com\/teccial\/wp-content\/uploads\/2012\/04\/Esri3.jpg\" alt=\"\" width=\"233\" height=\"186\" srcset=\"http:\/\/teccial.com\/wp-content\/uploads\/2012\/04\/Esri3.jpg 400w, http:\/\/teccial.com\/wp-content\/uploads\/2012\/04\/Esri3-300x239.jpg 300w, http:\/\/teccial.com\/wp-content\/uploads\/2012\/04\/Esri3-150x119.jpg 150w\" sizes=\"(max-width: 233px) 100vw, 233px\" \/><\/p>\n<p><img loading=\"lazy\" class=\"alignleft size-full wp-image-564\" src=\"http:\/\/www.teccial.com\/teccial\/wp-content\/uploads\/2012\/04\/Esri2.png\" alt=\"\" width=\"257\" height=\"194\" \/><\/p>\n<p>&nbsp;<\/p>\n<p>&nbsp;<\/p>\n<p>Nuestros desarrollos de  soluciones de   mapeo personalizados permiten ser aplicadas en Smartphone para navegar mapas, capturar y presentar datos, y realizar an\u00e1lisis GIS.<\/p>\n<p>La  Calidad de los datos es de gran importancia para todos. Si usted  produce datos  geoespaciales o es consumidor de los mismos para  distintos tipos de necesidades  relacionadas a los negocios, debe  asegurarse que su Data Holding cumpla con el nivel m\u00e1s alto  de calidad  establecido por su industria u organizaci\u00f3n. Por ello en TECCIAL cumplimos con la mayor calidad en mapas digitales para automatizar, simplificar y mejorar su  proceso de control de calidad, medir la producci\u00f3n , obtener un an\u00e1lisis geoespacial.<\/p>\n<p style=\"text-align: justify;\"><a href=\"http:\/\/www.teccial.com\/teccial\/wp-content\/uploads\/2012\/04\/TECCIALondas3.jpg\"><img loading=\"lazy\" class=\"alignnone size-full wp-image-341\" title=\"TECCIALondas\" src=\"http:\/\/www.teccial.com\/teccial\/wp-content\/uploads\/2012\/04\/TECCIALondas3.jpg\" alt=\"teccial\" width=\"566\" height=\"143\" srcset=\"http:\/\/teccial.com\/wp-content\/uploads\/2012\/04\/TECCIALondas3.jpg 566w, http:\/\/teccial.com\/wp-content\/uploads\/2012\/04\/TECCIALondas3-300x75.jpg 300w, http:\/\/teccial.com\/wp-content\/uploads\/2012\/04\/TECCIALondas3-150x37.jpg 150w\" sizes=\"(max-width: 566px) 100vw, 566px\" \/><\/a><\/p>\n","protected":false},"excerpt":{"rendered":"<p>Nuestras soluciones GIS desarrolladas en Esri ofrecen un conjunto completo de herramientas, componente y software que le permiten centrarse en la productividad, distribuci\u00f3n y funcionalidad [&hellip;]<\/p>\n","protected":false},"author":1,"featured_media":0,"parent":0,"menu_order":0,"comment_status":"open","ping_status":"open","template":"","meta":[],"_links":{"self":[{"href":"http:\/\/teccial.com\/teccial\/index.php?rest_route=\/wp\/v2\/pages\/557"}],"collection":[{"href":"http:\/\/teccial.com\/teccial\/index.php?rest_route=\/wp\/v2\/pages"}],"about":[{"href":"http:\/\/teccial.com\/teccial\/index.php?rest_route=\/wp\/v2\/types\/page"}],"author":[{"embeddable":true,"href":"http:\/\/teccial.com\/teccial\/index.php?rest_route=\/wp\/v2\/users\/1"}],"replies":[{"embeddable":true,"href":"http:\/\/teccial.com\/teccial\/index.php?rest_route=%2Fwp%2Fv2%2Fcomments&post=557"}],"version-history":[{"count":13,"href":"http:\/\/teccial.com\/teccial\/index.php?rest_route=\/wp\/v2\/pages\/557\/revisions"}],"predecessor-version":[{"id":578,"href":"http:\/\/teccial.com\/teccial\/index.php?rest_route=\/wp\/v2\/pages\/557\/revisions\/578"}],"wp:attachment":[{"href":"http:\/\/teccial.com\/teccial\/index.php?rest_route=%2Fwp%2Fv2%2Fmedia&parent=557"}],"curies":[{"name":"wp","href":"https:\/\/api.w.org\/{rel}","templated":true}]}}