{"id":41,"date":"2012-04-12T05:50:48","date_gmt":"2012-04-12T10:50:48","guid":{"rendered":"http:\/\/www.teccial.com\/teccial\/?page_id=41"},"modified":"2012-04-12T12:47:17","modified_gmt":"2012-04-12T17:47:17","slug":"comunicaciones-moviles-radio-satelitales-rfid","status":"publish","type":"page","link":"http:\/\/teccial.com\/teccial\/?page_id=41","title":{"rendered":"Comunicaciones Moviles, Radio, Satelitales, RFID"},"content":{"rendered":"<div class=\"textoarticulo\">\n<div style=\"float: left; margin: 0 10px 10px 0;\"><img src=\"http:\/\/www.teccial.com\/teccial\/wp-content\/themes\/starttica\/images\/ima_paginas\/pag009.png\" alt=\"\" \/><\/div>\n<div class=\"textoarticulo\">Somos l<span style=\"font-family: Times New Roman;\">\u00ed<\/span>deres en la distribuci<span style=\"font-family: Times New Roman;\">\u00f3<\/span>n       de la tecnolog<span style=\"font-family: Times New Roman;\">\u00ed<\/span>a de Identificaci<span style=\"font-family: Times New Roman;\">\u00f3<\/span>n       por Radio Frecuencia (RFID).<\/div>\n<div class=\"textoarticulo\">Nuestro servicio se enfoca al sector de\u00a0 la salud, el mercado de la seguridad, industrial       y gubernamental con una gama de soluciones l<span style=\"font-family: Times New Roman;\">\u00ed<\/span>deres       en las <span style=\"font-family: Times New Roman;\">\u00e1<\/span>reas de identificaci<span style=\"font-family: Times New Roman;\">\u00f3<\/span>n       y protecci<span style=\"font-family: Times New Roman;\">\u00f3<\/span>n personal.\u00a0 Nuestros desarrollos de la tecnolog<span style=\"font-family: Times New Roman;\">\u00ed<\/span>a de       Identificaci<span style=\"font-family: Times New Roman;\">\u00f3<\/span>n por Radio Frecuencia garantizan\u00a0 su retorno de inversi\u00f3n inmediata y efectiviza el aumento de producci\u00f3n en sus negocios.<\/div>\n<p><em><strong>Creamos productos de Alta Tecnolog\u00eda en Identificadores por       Radio Frecuencia (RFID)<\/strong><\/em><\/p>\n<p>&nbsp;<\/p>\n<address><strong><span style=\"text-decoration: underline; color: #0000ff;\">Sistema RFID Sector Sanitario<\/span><\/strong><\/address>\n<div>\n<div id=\"dnn_ctr454_ContentPane\">\n<div id=\"dnn_ctr454_ModuleContent\">\n<div id=\"dnn_ctr454_HtmlModule_lblContent\">\n<p>Los problemas a los que se enfrentan a d\u00eda de hoy las diversas  organizaciones sanitarias son m\u00faltiples: la mejora en la atenci\u00f3n al  paciente, reducci\u00f3n de los errores asistenciales, necesidad de optimizar  sus recursos y activos, etc<\/p>\n<\/div>\n<div id=\"dnn_ctr454_HtmlModule_lblContent\">m\u00faltiples problemas con un denominador com\u00fan: &#8220;la falta de  visibilidad en tiempo real&#8221;,\u00a0 que afecta especialmente a la  identificaci\u00f3n, localizaci\u00f3n &amp; trazabilidad de pacientes y activos,  permitiendo un sistema web de posicionamiento de pacientes, control de  signos vitales automatizado y scaners de datos online.<\/div>\n<\/div>\n<div><\/div>\n<div><\/div>\n<\/div>\n<\/div>\n<\/div>\n","protected":false},"excerpt":{"rendered":"<p>Somos l\u00edderes en la distribuci\u00f3n de la tecnolog\u00eda de Identificaci\u00f3n por Radio Frecuencia (RFID). Nuestro servicio se enfoca al sector de\u00a0 la salud, el mercado [&hellip;]<\/p>\n","protected":false},"author":1,"featured_media":0,"parent":23,"menu_order":1,"comment_status":"open","ping_status":"open","template":"","meta":[],"_links":{"self":[{"href":"http:\/\/teccial.com\/teccial\/index.php?rest_route=\/wp\/v2\/pages\/41"}],"collection":[{"href":"http:\/\/teccial.com\/teccial\/index.php?rest_route=\/wp\/v2\/pages"}],"about":[{"href":"http:\/\/teccial.com\/teccial\/index.php?rest_route=\/wp\/v2\/types\/page"}],"author":[{"embeddable":true,"href":"http:\/\/teccial.com\/teccial\/index.php?rest_route=\/wp\/v2\/users\/1"}],"replies":[{"embeddable":true,"href":"http:\/\/teccial.com\/teccial\/index.php?rest_route=%2Fwp%2Fv2%2Fcomments&post=41"}],"version-history":[{"count":2,"href":"http:\/\/teccial.com\/teccial\/index.php?rest_route=\/wp\/v2\/pages\/41\/revisions"}],"predecessor-version":[{"id":105,"href":"http:\/\/teccial.com\/teccial\/index.php?rest_route=\/wp\/v2\/pages\/41\/revisions\/105"}],"up":[{"embeddable":true,"href":"http:\/\/teccial.com\/teccial\/index.php?rest_route=\/wp\/v2\/pages\/23"}],"wp:attachment":[{"href":"http:\/\/teccial.com\/teccial\/index.php?rest_route=%2Fwp%2Fv2%2Fmedia&parent=41"}],"curies":[{"name":"wp","href":"https:\/\/api.w.org\/{rel}","templated":true}]}}