{"id":221,"date":"2012-04-13T22:10:42","date_gmt":"2012-04-14T03:10:42","guid":{"rendered":"http:\/\/www.teccial.com\/teccial\/?page_id=221"},"modified":"2012-04-16T13:10:24","modified_gmt":"2012-04-16T18:10:24","slug":"video-monitoreo-residencial","status":"publish","type":"page","link":"http:\/\/teccial.com\/teccial\/?page_id=221","title":{"rendered":"Video Monitoreo Residencial"},"content":{"rendered":"<p><a href=\"http:\/\/www.teccial.com\/teccial\/wp-content\/uploads\/2012\/04\/TeccialcamaraPTZ.jpg\"><img loading=\"lazy\" class=\"alignleft size-full wp-image-222\" title=\"TeccialcamaraPTZ\" src=\"http:\/\/www.teccial.com\/teccial\/wp-content\/uploads\/2012\/04\/TeccialcamaraPTZ.jpg\" alt=\"PTZ ecuador\" width=\"303\" height=\"226\" srcset=\"http:\/\/teccial.com\/wp-content\/uploads\/2012\/04\/TeccialcamaraPTZ.jpg 303w, http:\/\/teccial.com\/wp-content\/uploads\/2012\/04\/TeccialcamaraPTZ-300x223.jpg 300w, http:\/\/teccial.com\/wp-content\/uploads\/2012\/04\/TeccialcamaraPTZ-150x111.jpg 150w\" sizes=\"(max-width: 303px) 100vw, 303px\" \/><\/a><strong>Nuestra Soluci\u00f3n de Videoc\u00e1maras Comunitarias<\/strong> se soportan con sistemas de Paneles Solares con Bater\u00edas de respaldo.<\/p>\n<p>&nbsp;<\/p>\n<p>&nbsp;<\/p>\n<p>Nuestra red de c\u00e1maras ofrecen protecci\u00f3n y prevenci\u00f3n del crimen para garantizar la seguridad comunitaria<\/p>\n<p>&nbsp;<\/p>\n<p>&nbsp;<\/p>\n<p>&nbsp;<\/p>\n<p>&nbsp;<\/p>\n<p><strong>VIDEOCAMARAS\u00a0 PTZ &#8211; HD 18X <\/strong><strong>CON VISION NOCTURA, IP ONLINE<\/strong><\/p>\n<p>&nbsp;<\/p>\n<p><a href=\"http:\/\/www.teccial.com\/teccial\/wp-content\/uploads\/2012\/04\/TeccialcamaraPTZ3.jpg\"><img loading=\"lazy\" class=\"alignleft size-full wp-image-224\" title=\"TeccialcamaraPTZ3\" src=\"http:\/\/www.teccial.com\/teccial\/wp-content\/uploads\/2012\/04\/TeccialcamaraPTZ3.jpg\" alt=\"\" width=\"356\" height=\"264\" srcset=\"http:\/\/teccial.com\/wp-content\/uploads\/2012\/04\/TeccialcamaraPTZ3.jpg 705w, http:\/\/teccial.com\/wp-content\/uploads\/2012\/04\/TeccialcamaraPTZ3-300x222.jpg 300w, http:\/\/teccial.com\/wp-content\/uploads\/2012\/04\/TeccialcamaraPTZ3-150x111.jpg 150w\" sizes=\"(max-width: 356px) 100vw, 356px\" \/><\/a><a href=\"http:\/\/www.teccial.com\/teccial\/wp-content\/uploads\/2012\/04\/TeccialcamaraPTZ2.jpg\"><img loading=\"lazy\" class=\"alignleft size-full wp-image-223\" title=\"TeccialcamaraPTZ2\" src=\"http:\/\/www.teccial.com\/teccial\/wp-content\/uploads\/2012\/04\/TeccialcamaraPTZ2.jpg\" alt=\"Policia Ecuador\" width=\"351\" height=\"265\" srcset=\"http:\/\/teccial.com\/wp-content\/uploads\/2012\/04\/TeccialcamaraPTZ2.jpg 638w, http:\/\/teccial.com\/wp-content\/uploads\/2012\/04\/TeccialcamaraPTZ2-300x226.jpg 300w, http:\/\/teccial.com\/wp-content\/uploads\/2012\/04\/TeccialcamaraPTZ2-150x113.jpg 150w\" sizes=\"(max-width: 351px) 100vw, 351px\" \/><\/a><\/p>\n<p style=\"text-align: justify;\"><a href=\"http:\/\/www.teccial.com\/teccial\/wp-content\/uploads\/2012\/04\/TECCIALondas3.jpg\"><img loading=\"lazy\" class=\"alignnone size-full wp-image-341\" title=\"TECCIALondas\" src=\"http:\/\/www.teccial.com\/teccial\/wp-content\/uploads\/2012\/04\/TECCIALondas3.jpg\" alt=\"teccial\" width=\"566\" height=\"143\" srcset=\"http:\/\/teccial.com\/wp-content\/uploads\/2012\/04\/TECCIALondas3.jpg 566w, http:\/\/teccial.com\/wp-content\/uploads\/2012\/04\/TECCIALondas3-300x75.jpg 300w, http:\/\/teccial.com\/wp-content\/uploads\/2012\/04\/TECCIALondas3-150x37.jpg 150w\" sizes=\"(max-width: 566px) 100vw, 566px\" \/><\/a><\/p>\n","protected":false},"excerpt":{"rendered":"<p>Nuestra Soluci\u00f3n de Videoc\u00e1maras Comunitarias se soportan con sistemas de Paneles Solares con Bater\u00edas de respaldo. &nbsp; &nbsp; Nuestra red de c\u00e1maras ofrecen protecci\u00f3n y [&hellip;]<\/p>\n","protected":false},"author":1,"featured_media":0,"parent":31,"menu_order":1,"comment_status":"open","ping_status":"open","template":"","meta":[],"_links":{"self":[{"href":"http:\/\/teccial.com\/teccial\/index.php?rest_route=\/wp\/v2\/pages\/221"}],"collection":[{"href":"http:\/\/teccial.com\/teccial\/index.php?rest_route=\/wp\/v2\/pages"}],"about":[{"href":"http:\/\/teccial.com\/teccial\/index.php?rest_route=\/wp\/v2\/types\/page"}],"author":[{"embeddable":true,"href":"http:\/\/teccial.com\/teccial\/index.php?rest_route=\/wp\/v2\/users\/1"}],"replies":[{"embeddable":true,"href":"http:\/\/teccial.com\/teccial\/index.php?rest_route=%2Fwp%2Fv2%2Fcomments&post=221"}],"version-history":[{"count":7,"href":"http:\/\/teccial.com\/teccial\/index.php?rest_route=\/wp\/v2\/pages\/221\/revisions"}],"predecessor-version":[{"id":404,"href":"http:\/\/teccial.com\/teccial\/index.php?rest_route=\/wp\/v2\/pages\/221\/revisions\/404"}],"up":[{"embeddable":true,"href":"http:\/\/teccial.com\/teccial\/index.php?rest_route=\/wp\/v2\/pages\/31"}],"wp:attachment":[{"href":"http:\/\/teccial.com\/teccial\/index.php?rest_route=%2Fwp%2Fv2%2Fmedia&parent=221"}],"curies":[{"name":"wp","href":"https:\/\/api.w.org\/{rel}","templated":true}]}}